{"id":129,"date":"2020-12-23T11:41:35","date_gmt":"2020-12-23T10:41:35","guid":{"rendered":"http:\/\/lrufdqb.cluster030.hosting.ovh.net\/?page_id=129"},"modified":"2025-11-26T18:55:12","modified_gmt":"2025-11-26T17:55:12","slug":"abordons-son-etude","status":"publish","type":"page","link":"https:\/\/www.louistissot.net\/?page_id=129","title":{"rendered":"Abordons son \u00e9tude"},"content":{"rendered":"<table width=\"100%\" cellspacing=\"0\" cellpadding=\"0\">\n<tbody>\n<tr>\n<td align=\"left\">\n<p style=\"text-align: center;\"><img src=\"\/wp-content\/uploads\/2020\/12\/461771.png\" \/><img src=\"\/wp-content\/uploads\/2020\/12\/459639.gif\" \/><\/p>\n<p style=\"text-align: center;\">\n<p style=\"text-align: center;\"><a href=\"https:\/\/www.louistissot.net\/?page_id=356\"><span style=\"font-family: georgia, palatino; font-size: small;\">PR\u00c9SENCE DE L&rsquo;\u00caTRE<\/span><\/a><\/p>\n<h5 style=\"text-align: center;\"><strong><span style=\"font-family: georgia, palatino; font-size: small;\">\u00c0 part L&rsquo;\u00caTRE,<\/span><\/strong><br \/>\n<strong><span style=\"font-family: georgia, palatino; font-size: small;\">il n&rsquo;y a rien d&rsquo;autre.<\/span><\/strong><\/h5>\n<p style=\"text-align: center;\"><a title=\"INNOVATION\" href=\"https:\/\/www.louistissot.net\/?page_id=359\"><span style=\"font-family: georgia, palatino; font-size: small;\">INNOVATION<\/span><\/a><\/p>\n<p style=\"text-align: center;\"><strong><span style=\"font-family: georgia, palatino; font-size: small;\">ABORDONS SON \u00c9TUDE<\/span><\/strong><\/p>\n<p style=\"text-align: center;\"><strong><span style=\"font-family: georgia, palatino; font-size: small;\"><br \/>\n\u00b0\u00b0\u00b0<br \/>\n<\/span><\/strong><\/p>\n<p style=\"text-align: center;\"><a title=\"MATI\u00c8RE \/ LUMI\u00c8RE\" href=\"https:\/\/www.louistissot.net\/?page_id=362\"><span style=\"font-family: georgia, palatino; font-size: small;\">MATI\u00c8RE \/ LUMI\u00c8RE<\/span><\/a><\/p>\n<p style=\"text-align: center;\">\u00b0<\/p>\n<h4 style=\"text-align: center;\"><span style=\"font-family: georgia, palatino; font-size: small;\">le Coeur ressent et vit, la raison discute sans \u00eatre Vraiment.<br \/>\n<\/span><\/h4>\n<h4 style=\"text-align: center;\"><span style=\"font-family: georgia, palatino; font-size: small;\">L\u2019ontologie s\u2019aborde en toute libert\u00e9, quelles que soient nos origines, sans dogme, ni cr\u00e9do,<br \/>\net sans appartenance d\u2019aucune sorte \u00e0 une quelconque organisation.<\/span><\/h4>\n<h4 style=\"text-align: center;\"><span style=\"font-family: georgia, palatino; font-size: small;\">Le chemin spirituel pour chacun est EN SOI.\u00a0 <\/span><span style=\"font-family: georgia, palatino; font-size: small;\">C\u2019est donc EN NOUS-M\u00caME que s\u2019op\u00e8re notre \u00c9veil <\/span><span style=\"font-family: georgia, palatino; font-size: small;\">et par nul autre syst\u00e8me ext\u00e9rieur dont nous serions d\u00e9pendants. Notre lib\u00e9ration de l&rsquo;ego d\u00e9pend de nos propres choix intimes. Chacun a la capacit\u00e9 de d\u00e9cider en conscience, de pratiquer le pr\u00e9cepte Universel : \u00ab\u00a0Sois ce que tu es d\u00e9j\u00e0\u00a0\u00bb. Cette Cl\u00e9 Vitale permet, \u00e0 tous, d&rsquo;exp\u00e9rimenter Notre But Supr\u00eame qui est un \u00e9panouissement sans fin.<\/span><\/h4>\n<h4 style=\"text-align: center;\"><span style=\"font-family: georgia, palatino; font-size: small;\">Tout en gardant ses propres \u201cracines\u201d religieuses ou philosophiques ou ne point en avoir, chacun peut, avec patience et pers\u00e9v\u00e9rance, degr\u00e9 par degr\u00e9, faire l\u2019exp\u00e9rience de la r\u00e9v\u00e9lation que tout BIEN est d\u00e9j\u00e0 EN NOUS, n\u2019attendant que notre reconnaissance consciente pour \u00eatre manifest\u00e9e et partag\u00e9e avec tous, dans l\u2019amour inconditionnel, la paix, la joie et la satisfaction mutuelle.<\/span><\/h4>\n<h4 style=\"text-align: center;\"><span style=\"font-family: georgia, palatino; font-size: small;\">Qui veut que la soci\u00e9t\u00e9 s&rsquo;am\u00e9liore dans ses rapports humains, <\/span><br \/>\n<span style=\"font-family: georgia, palatino; font-size: small;\">doit d&rsquo;abord commencer en SOI par SOI.<\/span><\/h4>\n<p style=\"text-align: center;\">\u00b0<\/p>\n<h3 style=\"text-align: center;\"><strong>D\u00e9sirer, c&rsquo;est \u00a0\u00bbvouloir avoir\u00a0\u00bb dans un futur incertain.<\/strong><\/h3>\n<h3 style=\"text-align: center;\"><strong>\u00caTRE Vraiment, c&rsquo;est VIVRE la R\u00e9alit\u00e9 Parfaite \u00c9ternelle<\/strong><\/h3>\n<h3 style=\"text-align: center;\"><strong>du JE SUIS Unique Infini, Ici et Maintenant.<\/strong><\/h3>\n<h3 style=\"text-align: center;\"><strong>\u00b0<\/strong><\/h3>\n<h5 style=\"text-align: center;\"><span style=\"font-family: georgia, palatino; font-size: small;\"><a title=\"UN PLAN PARFAIT\" href=\"https:\/\/www.louistissot.net\/?page_id=365\">UN PLAN PARFAIT<\/a><\/span><\/h5>\n<p style=\"text-align: center;\"><span style=\"font-family: georgia, palatino; font-size: small;\"><img src=\"\/wp-content\/uploads\/2020\/12\/562920.jpg\" alt=\"IMG 3658 2\" \/><\/span><\/p>\n<h3 style=\"text-align: center;\">\u00a0\u00bbDans la vie, y&rsquo;a pas de grands, y&rsquo;a pas de petits.<\/h3>\n<h3 style=\"text-align: center;\">La bonne longueur pour les jambes, c&rsquo;est quand les pieds touchent bien par terre.\u00a0\u00bb<\/h3>\n<h3 style=\"text-align: center;\">\u00b0\u00b0\u00b0<\/h3>\n<h3 style=\"text-align: center;\">\u00a0\u00bbChaque personne a ses \u00a0\u00bbparts d&rsquo;ombre\u00a0\u00bb,<\/h3>\n<h3 style=\"text-align: center;\">mais ce qui compte c&rsquo;est de se concentrer sur \u00a0\u00bbsa lumi\u00e8re\u00a0\u00bb,<\/h3>\n<h3 style=\"text-align: center;\">c&rsquo;est-\u00e0-dire sur ce qu&rsquo;elle a de plus beau \u00e0 offrir \u00e0 l&rsquo;humanit\u00e9.\u00a0\u00bb<\/h3>\n<h3 style=\"text-align: center;\">(Dr \u00c9meric Lebreton &#8211; Groupe Orientaction)<\/h3>\n<h3 style=\"text-align: center;\">\u00b0\u00b0\u00b0<\/h3>\n<h3 style=\"text-align: center;\">\u2018\u2019Chaque atome dans l\u2019espace danse au rythme des dieux.\u2019\u2019<br \/>\n(Sagesse antique)<\/h3>\n<p style=\"text-align: center;\">\u00b0<\/p>\n<p style=\"text-align: center;\"><a href=\"https:\/\/www.louistissot.net\/?page_id=1963\">R\u00c9ALIT\u00c9S \u00c9TERNELLES<\/a><\/p>\n<p style=\"text-align: center;\"><img src=\"\/wp-content\/uploads\/2020\/12\/555940.jpg\" alt=\"IMG 3139 2\" \/><\/p>\n<p style=\"text-align: center;\"><a title=\"CLAIRE LUMI\u00c8RE\" href=\"https:\/\/www.louistissot.net\/?page_id=368\"><span style=\"font-family: georgia, palatino; font-size: small;\">CLAIRE LUMI\u00c8RE<\/span><\/a><\/p>\n<p style=\"text-align: center;\">\u00b0<\/p>\n<h4 style=\"text-align: center;\">\u00a0\u00bbTu aimeras ton prochain comme toi-m\u00eame&#8230;<br \/>\nAimez-vous les uns les autres comme je vous ai aim\u00e9s.\u00a0\u00bb (J\u00e9sus)<\/h4>\n<h4 style=\"text-align: center;\">\u00ab\u00a0Mieux vaut \u00e9viter de bl\u00e2mer la croyance des autres, c&rsquo;est ainsi que chacun reste en paix.<br \/>\nIl y a m\u00eame des circonstances o\u00f9 nous devons honorer en autrui une croyance diff\u00e9rente de la notre.\u00a0\u00bb (Bouddha)<\/h4>\n<p style=\"text-align: center;\"><img src=\"\/wp-content\/uploads\/2020\/12\/555941.jpg\" alt=\"IMG 3140 2\" \/><\/p>\n<h4 style=\"text-align: center;\"><span style=\"font-family: georgia, palatino; font-size: small;\">\u00a0\u00bbL&rsquo;amour qui change devant le changement n&rsquo;est point l&rsquo;amour.\u00a0\u00bb (William Shakespeare)<br \/>\n\u2018\u2019En faisant scintiller notre Lumi\u00e8re, <\/span><span style=\"font-family: georgia, palatino; font-size: small;\">nous offrons aux autres la possibilit\u00e9 d&rsquo;en faire autant.\u00a0\u00bb <\/span><span style=\"font-family: georgia, palatino; font-size: small;\">(Nelson Mandela)<\/span><\/h4>\n<h3 style=\"text-align: center;\">\u00a0\u00bbSavoir n&rsquo;est pas faire ; SAVOIR EST \u00caTRE.\u00a0\u00bb (Lillian De Waters-Livre \u00a0\u00bbEN SON NOM\u00a0\u00bb-P 28)<\/h3>\n<p style=\"text-align: center;\">\n<p style=\"text-align: center;\"><span style=\"font-family: georgia, palatino; font-size: small;\"><img src=\"\/wp-content\/uploads\/2020\/12\/555942.jpg\" alt=\"IMG 2883 2\" \/><\/span><\/p>\n<p style=\"text-align: center;\"><a title=\"L'\u00caTRE \u00c9TANT\" href=\"https:\/\/www.louistissot.net\/?page_id=371\"><span style=\"font-family: georgia, palatino; font-size: small;\">L&rsquo;\u00caTRE \u00c9TANT<\/span><\/a><\/p>\n<p style=\"text-align: center;\">\u00b0<\/p>\n<h4 style=\"text-align: center;\"><span style=\"font-family: georgia, palatino; font-size: small;\">Je vous propose d&rsquo;aborder l&rsquo;\u00e9tude de l&rsquo;ontologie avec les approches suivantes :<\/span><\/h4>\n<p style=\"text-align: center;\"><img src=\"\/wp-content\/uploads\/2020\/12\/524051.jpg\" alt=\"IMG 2127\" \/><\/p>\n<h4 style=\"text-align: center;\"><span style=\"font-family: georgia, palatino; font-size: small;\">\u00a0<\/span><br \/>\n<span style=\"font-family: georgia, palatino; font-size: small;\">PREMI\u00c8RE APPROCHE<\/span><\/h4>\n<h4 style=\"text-align: center;\"><span style=\"font-family: georgia, palatino; font-size: small;\">\u00b0\u00b0\u00b0<\/span><\/h4>\n<h4 style=\"text-align: center;\"><span style=\"font-family: georgia, palatino; font-size: small;\"> CHANGER DE POINT DE VUE<\/span><br \/>\n<span style=\"font-family: georgia, palatino; font-size: small;\">(Regarder la vie sous un autre angle)<\/span><\/h4>\n<h4 style=\"text-align: center;\"><span style=\"font-family: georgia, palatino; font-size: small;\">Apprends \u00e0 te conna\u00eetre toi-m\u00eame vraiment,<\/span><br \/>\n<span style=\"font-family: georgia, palatino; font-size: small;\">Afin d&rsquo;\u00eatre d\u00e9livr\u00e9 des trompeuses apparences.<\/span><br \/>\n<span style=\"font-family: georgia, palatino; font-size: small;\">D\u00e9couvre que lorsque ton Coeur aime pleinement,<\/span><br \/>\n<span style=\"font-family: georgia, palatino; font-size: small;\">Tu te lib\u00e8res, jour apr\u00e8s jour, des fausses croyances.<\/span><\/h4>\n<h4 style=\"text-align: center;\"><span style=\"font-family: georgia, palatino; font-size: small;\">La Connaissance Infinie est en toi,<\/span><br \/>\n<span style=\"font-family: georgia, palatino; font-size: small;\">Elle n\u2019est pas, par quelqu&rsquo;un d&rsquo;autre, poss\u00e9d\u00e9e,<\/span><br \/>\n<span style=\"font-family: georgia, palatino; font-size: small;\">Elle est pour tous, int\u00e9rieurement, d\u00e9j\u00e0 l\u00e0,<\/span><br \/>\n<span style=\"font-family: georgia, palatino; font-size: small;\">Attendant d\u2019\u00eatre reconnue et partag\u00e9e, en toute libert\u00e9.<\/span><\/h4>\n<h4 style=\"text-align: center;\"><span style=\"font-family: georgia, palatino; font-size: small;\">Ouvre-toi \u00e0 tous les possibles qui s&rsquo;offrent \u00e0 toi,<\/span><br \/>\n<span style=\"font-family: georgia, palatino; font-size: small;\">Pour te d\u00e9conditionner de ce qui n&rsquo;est pas le R\u00e9el en Soi.<\/span><br \/>\n<span style=\"font-family: georgia, palatino; font-size: small;\">D\u00e9couvrons ensemble sans endoctrinement, ni d\u00e9pendance,<\/span><br \/>\n<span style=\"font-family: georgia, palatino; font-size: small;\">Que tu es le fruit parfait de ta propre d\u00e9livrance.<\/span><\/h4>\n<h4 style=\"text-align: center;\"><span style=\"font-family: georgia, palatino; font-size: small;\">Trouve en toi la Force-Vie : elle n&rsquo;est pas ailleurs !<\/span><br \/>\n<span style=\"font-family: georgia, palatino; font-size: small;\">Ton chemin spirituel part de ton Coeur.<\/span><br \/>\n<span style=\"font-family: georgia, palatino; font-size: small;\">Accepte de quitter le para\u00eetre,<\/span><br \/>\n<span style=\"font-family: georgia, palatino; font-size: small;\">Pour pleinement \u00eatre l&rsquo;\u00catre.<\/span><\/h4>\n<h4 style=\"text-align: center;\"><span style=\"font-family: georgia, palatino; font-size: small;\">\u00a0\u00a0 \u00a0Louis TISSOT<\/span><br \/>\n<span style=\"font-family: georgia, palatino; font-size: small;\">le 13 novembre 2001<\/span><\/h4>\n<hr style=\"width: 100%;\" width=\"100%\" \/>\n<p style=\"text-align: center;\">\n<p style=\"text-align: center;\"><span style=\"font-family: georgia, palatino; font-size: small;\"><img src=\"\/wp-content\/uploads\/2020\/12\/524052.jpg\" alt=\"IMG 2128\" \/><\/span><\/p>\n<h4 style=\"text-align: center;\"><span style=\"font-family: georgia, palatino; font-size: small;\">DEUXI\u00c8ME APPROCHE<\/span><\/h4>\n<h4 style=\"text-align: center;\"><span style=\"font-family: georgia, palatino; font-size: small;\">\u00b0\u00b0\u00b0<\/span><\/h4>\n<h4 style=\"text-align: center;\"><span style=\"font-family: georgia, palatino; font-size: small;\">TRANSFORMER NOTRE \u00c9TAT DE CONSCIENCE<\/span><br \/>\n<span style=\"font-family: georgia, palatino; font-size: small;\">(Regarder la vie avec \u00e9merveillement)<\/span><\/h4>\n<h4 style=\"text-align: center;\"><span style=\"font-family: georgia, palatino; font-size: small;\">\u00a0<\/span><\/h4>\n<h4 style=\"text-align: center;\"><span style=\"font-family: georgia, palatino; font-size: small;\">Tu es unique et nous sommes tous compl\u00e9mentaires.<\/span><br \/>\n<span style=\"font-family: georgia, palatino; font-size: small;\">La comp\u00e9tition destructrice n\u2019est pas n\u00e9cessaire.<\/span><br \/>\n<span style=\"font-family: georgia, palatino; font-size: small;\">Il n\u2019existe qu&rsquo;Une Richesse Int\u00e9rieure \u00c9ternelle :<\/span><br \/>\n<span style=\"font-family: georgia, palatino; font-size: small;\">Ta raison d&rsquo;\u00eatre est d\u2019exprimer ta Nature R\u00e9elle.<\/span><\/h4>\n<h4 style=\"text-align: center;\"><span style=\"font-family: georgia, palatino; font-size: small;\">Si tu crois une chose parce qu\u2019une majorit\u00e9 y croit,<\/span><br \/>\n<span style=\"font-family: georgia, palatino; font-size: small;\">C&rsquo;est perdre ton discernement et ta libert\u00e9 de choix.<\/span><br \/>\n<span style=\"font-family: georgia, palatino; font-size: small;\">La Source du Bien pour tous est en toi, partout, toujours,<\/span><br \/>\n<span style=\"font-family: georgia, palatino; font-size: small;\">V\u00e9rifie dans ton Coeur, le bien fond\u00e9 de toute chose, avec amour.<\/span><\/h4>\n<h4 style=\"text-align: center;\"><span style=\"font-family: georgia, palatino; font-size: small;\">Nous ne poss\u00e9dons rien, aucun pouvoir n&rsquo;est personnel,<\/span><br \/>\n<span style=\"font-family: georgia, palatino; font-size: small;\">Tout appartient \u00e0 l&rsquo;Unique-Vie, en conscience spirituelle.<\/span><br \/>\n<span style=\"font-family: georgia, palatino; font-size: small;\">Apprends \u00e0 l&rsquo;\u00c9couter en suivant tes intuitions, tes visions ;<\/span><br \/>\n<span style=\"font-family: georgia, palatino; font-size: small;\">Ton \u00e9tat de conscience t&rsquo;am\u00e8nera ainsi, \u00e0 l&rsquo;exp\u00e9rience d&rsquo;Union.<\/span><\/h4>\n<h4 style=\"text-align: center;\"><span style=\"font-family: georgia, palatino; font-size: small;\">Plut\u00f4t que penser, cherche d&rsquo;abord \u00e0 ressentir pleinement,<\/span><br \/>\n<span style=\"font-family: georgia, palatino; font-size: small;\">Car le conditionnement mental est un enfermement.<\/span><br \/>\n<span style=\"font-family: georgia, palatino; font-size: small;\">Le Coeur seul te permet de vivre \u00e9panoui,<\/span><br \/>\n<span style=\"font-family: georgia, palatino; font-size: small;\">Car la Forme Originelle est l&rsquo;Id\u00e9e inspir\u00e9e ressentie accomplie.<\/span><\/h4>\n<h4 style=\"text-align: center;\"><span style=\"font-family: georgia, palatino; font-size: small;\">\u00a0\u00a0\u00a0 <\/span><br \/>\n<span style=\"font-family: georgia, palatino; font-size: small;\">Louis TISSOT<\/span><br \/>\n<span style=\"font-family: georgia, palatino; font-size: small;\">le 13 novembre 2001<\/span><\/h4>\n<hr style=\"width: 100%;\" width=\"100%\" \/>\n<p style=\"text-align: center;\">\n<p style=\"text-align: center;\"><span style=\"font-family: georgia, palatino; font-size: small;\"><img src=\"\/wp-content\/uploads\/2020\/12\/524053.jpg\" alt=\"IMG 2129\" \/><\/span><\/p>\n<h4 style=\"text-align: center;\"><span style=\"font-family: georgia, palatino; font-size: small;\">TROISI\u00c8ME APPROCHE<\/span><\/h4>\n<h4 style=\"text-align: center;\"><span style=\"font-family: georgia, palatino; font-size: small;\">\u00b0\u00b0\u00b0<\/span><\/h4>\n<h4 style=\"text-align: center;\"><span style=\"font-family: georgia, palatino; font-size: small;\">EXP\u00c9RIMENTER LA CONSCIENCE SPIRITUELLE<\/span><br \/>\n<span style=\"font-family: georgia, palatino; font-size: small;\">(Faire l&rsquo;exp\u00e9rience de l&rsquo;Unit\u00e9 de l&rsquo;Esprit)<\/span><\/h4>\n<h4 style=\"text-align: center;\"><span style=\"font-family: georgia, palatino; font-size: small;\">Chacun est plus que ce qu\u2019il para\u00eet \u00eatre,<\/span><br \/>\n<span style=\"font-family: georgia, palatino; font-size: small;\">L&rsquo;Identit\u00e9 R\u00e9elle ne peut jamais dispara\u00eetre.<\/span><br \/>\n<span style=\"font-family: georgia, palatino; font-size: small;\">Tu dois La reconna\u00eetre pour en faire l&rsquo;exp\u00e9rience,<\/span><br \/>\n<span style=\"font-family: georgia, palatino; font-size: small;\">Afin que ton Coeur soit Source, de ce que tu penses.<\/span><\/h4>\n<h4 style=\"text-align: center;\"><span style=\"font-family: georgia, palatino; font-size: small;\">Dans cet Univers Spirituel qui se r\u00e9v\u00e8le \u00e0 nous, degr\u00e9 par degr\u00e9,<\/span><br \/>\n<span style=\"font-family: georgia, palatino; font-size: small;\">Sache que le Service r\u00e9ciproque est la base du bonheur assur\u00e9 :<\/span><br \/>\n<span style=\"font-family: georgia, palatino; font-size: small;\">Vivre l&rsquo;Amour Impersonnel, Inconditionnel et Universel,<\/span><br \/>\n<span style=\"font-family: georgia, palatino; font-size: small;\">Est le fondement \u00e9ternel de ton Chemin Spirituel.<\/span><\/h4>\n<h4 style=\"text-align: center;\"><span style=\"font-family: georgia, palatino; font-size: small;\">Ce qui se voit est form\u00e9,<\/span><br \/>\n<span style=\"font-family: georgia, palatino; font-size: small;\">Par ce qui est en soi contempl\u00e9,<\/span><br \/>\n<span style=\"font-family: georgia, palatino; font-size: small;\">Et qui profond\u00e9ment se ressent,<\/span><br \/>\n<span style=\"font-family: georgia, palatino; font-size: small;\">Ici et maintenant, comme \u00e9tant.<\/span><\/h4>\n<h4 style=\"text-align: center;\"><span style=\"font-family: georgia, palatino; font-size: small;\">Un Seul \u00catre se vit dans l&rsquo;Unit\u00e9 du Tout,<\/span><br \/>\n<span style=\"font-family: georgia, palatino; font-size: small;\">En tant que Tout ce qui est nous.<\/span><br \/>\n<span style=\"font-family: georgia, palatino; font-size: small;\">Apprends \u00e0 L&rsquo;\u00e9couter,<\/span><br \/>\n<span style=\"font-family: georgia, palatino; font-size: small;\">Pour parfaitement AIMER !<\/span><\/h4>\n<h4 style=\"text-align: center;\"><span style=\"font-family: georgia, palatino; font-size: small;\">\u00a0\u00a0\u00a0 <\/span><br \/>\n<span style=\"font-family: georgia, palatino; font-size: small;\">Louis TISSOT<\/span><br \/>\n<span style=\"font-family: georgia, palatino; font-size: small;\">le 13 novembre 2001<\/span><\/h4>\n<h4 style=\"text-align: center;\"><span style=\"font-family: georgia, palatino; font-size: small;\"><img src=\"\/wp-content\/uploads\/2020\/12\/524054.jpg\" alt=\"Printemps\" \/><\/span><\/h4>\n<h6 style=\"text-align: center;\"><span style=\"font-family: georgia,palatino; font-size: small;\">Merci de demander l\u2019autorisation \u00e9crite de l\u2019auteur pour tout usage public des textes <\/span><br \/>\n<span style=\"font-family: georgia,palatino; font-size: small;\">et de toujours indiquer la source avec le lien activ\u00e9<a href=\"https:\/\/www.louistissot.net\/\"> https:\/\/www.louistissot.net\/<\/a><\/span><\/h6>\n<p style=\"text-align: center;\">\n<hr style=\"width: 100%;\" width=\"100%\" \/>\n<p style=\"text-align: right;\">\n<\/td>\n<\/tr>\n<\/tbody>\n<\/table>\n","protected":false},"excerpt":{"rendered":"<p>PR\u00c9SENCE DE L&rsquo;\u00caTRE \u00c0 part L&rsquo;\u00caTRE, il n&rsquo;y a rien d&rsquo;autre. INNOVATION ABORDONS SON \u00c9TUDE \u00b0\u00b0\u00b0 MATI\u00c8RE \/ LUMI\u00c8RE \u00b0 le Coeur ressent et vit, la raison discute sans \u00eatre Vraiment. L\u2019ontologie s\u2019aborde en toute libert\u00e9, quelles que soient nos origines, sans dogme, ni cr\u00e9do, et sans appartenance d\u2019aucune sorte \u00e0 une quelconque organisation. Le [&hellip;]<\/p>\n","protected":false},"author":1,"featured_media":0,"parent":0,"menu_order":0,"comment_status":"closed","ping_status":"closed","template":"","meta":[],"_links":{"self":[{"href":"https:\/\/www.louistissot.net\/index.php?rest_route=\/wp\/v2\/pages\/129"}],"collection":[{"href":"https:\/\/www.louistissot.net\/index.php?rest_route=\/wp\/v2\/pages"}],"about":[{"href":"https:\/\/www.louistissot.net\/index.php?rest_route=\/wp\/v2\/types\/page"}],"author":[{"embeddable":true,"href":"https:\/\/www.louistissot.net\/index.php?rest_route=\/wp\/v2\/users\/1"}],"replies":[{"embeddable":true,"href":"https:\/\/www.louistissot.net\/index.php?rest_route=%2Fwp%2Fv2%2Fcomments&post=129"}],"version-history":[{"count":23,"href":"https:\/\/www.louistissot.net\/index.php?rest_route=\/wp\/v2\/pages\/129\/revisions"}],"predecessor-version":[{"id":2104,"href":"https:\/\/www.louistissot.net\/index.php?rest_route=\/wp\/v2\/pages\/129\/revisions\/2104"}],"wp:attachment":[{"href":"https:\/\/www.louistissot.net\/index.php?rest_route=%2Fwp%2Fv2%2Fmedia&parent=129"}],"curies":[{"name":"wp","href":"https:\/\/api.w.org\/{rel}","templated":true}]}}