{"id":2015,"date":"2025-10-23T18:43:48","date_gmt":"2025-10-23T16:43:48","guid":{"rendered":"https:\/\/www.louistissot.net\/?page_id=2015"},"modified":"2025-10-28T18:56:32","modified_gmt":"2025-10-28T17:56:32","slug":"eternel-maintenant","status":"publish","type":"page","link":"https:\/\/www.louistissot.net\/?page_id=2015","title":{"rendered":"\u00c9TERNEL MAINTENANT"},"content":{"rendered":"<p align=\"CENTER\"><img loading=\"lazy\" class=\"alignnone size-medium wp-image-1782\" src=\"https:\/\/www.louistissot.net\/wp-content\/uploads\/2024\/08\/IMG_2154-copie-300x225.jpg\" alt=\"\" width=\"300\" height=\"225\" srcset=\"https:\/\/www.louistissot.net\/wp-content\/uploads\/2024\/08\/IMG_2154-copie-300x225.jpg 300w, https:\/\/www.louistissot.net\/wp-content\/uploads\/2024\/08\/IMG_2154-copie.jpg 416w\" sizes=\"(max-width: 300px) 100vw, 300px\" \/><\/p>\n<p align=\"CENTER\"><strong><span style=\"font-size: x-large;\">\u00c9TERNEL MAINTENANT<\/span><\/strong><\/p>\n<p align=\"CENTER\"><strong><span style=\"font-size: x-large;\">\u00b0\u00b0\u00b0<\/span><\/strong><\/p>\n<p align=\"CENTER\"><strong><span style=\"font-size: large;\">Le Maintenant peut-il quitter l&rsquo;\u00c9ternit\u00e9\u00a0?<\/span><\/strong><\/p>\n<p align=\"CENTER\"><strong><span style=\"font-size: large;\">LE PERMANENT ne souffre d&rsquo;aucun changement de Son Excellence.<\/span><\/strong><\/p>\n<p align=\"CENTER\"><strong>\u00b0<\/strong><\/p>\n<p align=\"CENTER\"><strong><span style=\"font-size: large;\">Le pass\u00e9 est le pr\u00e9sent r\u00e9volu.<\/span><\/strong><\/p>\n<p align=\"CENTER\"><strong><span style=\"font-size: large;\">Le pr\u00e9sent ne fait que passer entre le pass\u00e9 et le futur.<\/span><\/strong><\/p>\n<p align=\"CENTER\"><strong><span style=\"font-size: large;\">Le futur sera toujours \u00e0 venir.<\/span><\/strong><\/p>\n<p align=\"CENTER\"><strong><span style=\"font-size: large;\">MAINTENANT ne passe pas.<\/span><\/strong><\/p>\n<p align=\"CENTER\"><strong>\u00b0<\/strong><\/p>\n<p align=\"CENTER\"><strong><span style=\"font-size: large;\">L&rsquo;\u00c9ternit\u00e9 est le Maintenant <\/span><\/strong><\/p>\n<p align=\"CENTER\"><strong><span style=\"font-size: large;\">qui ignore le temps qui semble passer.<\/span><\/strong><\/p>\n<p align=\"CENTER\"><strong><span style=\"font-size: large;\">Si le temps continue en soi \u00e0 compter, <\/span><\/strong><\/p>\n<p align=\"CENTER\"><strong><span style=\"font-size: large;\">on subit le temps qui para\u00eet s&rsquo;\u00e9couler inexorablement.<\/span><\/strong><\/p>\n<p align=\"CENTER\"><strong>\u00b0<\/strong><\/p>\n<p align=\"CENTER\"><strong><span style=\"font-size: large;\">Avec le temps, \u00a0\u00bbl&rsquo;imparfait\u00a0\u00bb ne deviendra jamais LE PARFAIT.<\/span><\/strong><\/p>\n<p align=\"CENTER\"><strong><span style=\"font-size: large;\">Il n&rsquo;y a pas deux mondes\u00a0: un mat\u00e9riel et l&rsquo;autre Spirituel.<\/span><\/strong><\/p>\n<p align=\"CENTER\"><strong><span style=\"font-size: large;\">La croyance dualiste entretenue engendre le v\u00e9cu \u00e9ph\u00e9m\u00e8re.<\/span><\/strong><\/p>\n<p align=\"CENTER\"><strong><span style=\"font-size: large;\">La Pure Conscience d&rsquo;\u00eatre JE SUIS est R\u00e9alisation de L&rsquo;ABSOLU Inchangeable.<\/span><\/strong><\/p>\n<p align=\"CENTER\"><strong>\u00b0<\/strong><\/p>\n<p align=\"CENTER\"><strong><span style=\"font-size: large;\">C&rsquo;est le regard d&rsquo;un ego qui voit d&rsquo;autres ego \u00a0\u00bbvieillir\u00a0\u00bb, osciller entre bien et mal.<\/span><\/strong><\/p>\n<p align=\"CENTER\"><strong><span style=\"font-size: large;\">La \u00a0\u00bbVision Haute\u00a0\u00bb Unitaire est Lumi\u00e8re du JE SUIS Parfait Immuable Form\u00e9 Actif.<\/span><\/strong><\/p>\n<p align=\"CENTER\"><strong><span style=\"font-size: large;\">L&rsquo;ESPRIT EST ESPRIT comme Unique \u00c2ME Excellente d&rsquo;UN CORPS Cosmique.<\/span><\/strong><\/p>\n<p align=\"CENTER\"><strong><span style=\"font-size: large;\">Sa Manifestation Constante est Parfaite, Achev\u00e9e, Active, en tant que Nous Tous. <\/span><\/strong><\/p>\n<p align=\"CENTER\"><strong>\u00b0<\/strong><\/p>\n<p align=\"CENTER\"><strong><span style=\"font-size: large;\">Croire \u00e0 la d\u00e9g\u00e9n\u00e9rescence, c&rsquo;est donner pouvoir au temps,<\/span><\/strong><\/p>\n<p align=\"CENTER\"><strong><span style=\"font-size: large;\">\u00a0\u00bben poss\u00e9dant\u00a0\u00bb une vie personnelle avec un d\u00e9but et une fin.<\/span><\/strong><\/p>\n<p align=\"CENTER\"><strong><span style=\"font-size: large;\">LA VIE IMPERSONNELLE est la Seule Vie Immortelle que chacun EST.<\/span><\/strong><\/p>\n<p align=\"CENTER\"><strong><span style=\"font-size: large;\">Il n&rsquo;y a pas de vie personnelle \u00e0 \u00a0\u00bbr\u00e9aliser\u00a0\u00bb dans LA VIE UNIVERSELLE.<\/span><\/strong><\/p>\n<p align=\"CENTER\"><strong>\u00b0<\/strong><\/p>\n<p align=\"CENTER\"><strong><span style=\"font-size: large;\">L&rsquo;INFINI \u00c9TERNEL JE SUIS est d\u00e9j\u00e0, depuis Toujours et pour Toujours,<\/span><\/strong><\/p>\n<p align=\"CENTER\"><strong><span style=\"font-size: large;\">LA R\u00c9ALIT\u00c9 ontologique de Tous et Tout en UNICIT\u00c9\u00a0: nos choix sont notre v\u00e9cu. <\/span><\/strong><\/p>\n<p align=\"CENTER\"><strong><span style=\"font-size: large;\">Il n&rsquo;y a qu&rsquo;UN JE SUIS en train d&rsquo;\u00eatre Toutes Ses Identit\u00e9s,<\/span><\/strong><\/p>\n<p align=\"CENTER\"><strong><span style=\"font-size: large;\">comme l&rsquo;Arbre de Vie est toutes ses feuilles.<\/span><\/strong><\/p>\n<p align=\"CENTER\"><strong>\u00b0<\/strong><\/p>\n<p align=\"CENTER\"><strong><span style=\"font-size: large;\">CE QUI EST Parfait depuis Toujours et qui sera, EST MAINTENANT.<\/span><\/strong><\/p>\n<p align=\"CENTER\"><strong><span style=\"font-size: large;\">LE MAINTENANT est la R\u00e9alit\u00e9 du VIVANT qui Nous fait EXISTER.<\/span><\/strong><\/p>\n<p align=\"CENTER\"><strong><span style=\"font-size: large;\">LE R\u00c9EL est CE QUI EST en tant que L&rsquo;\u00c9TERNEL MAINTENANT.<\/span><\/strong><\/p>\n<p align=\"CENTER\"><strong><span style=\"font-size: large;\">\u00ab\u00a0Soyez Ce que JE SUIS\u00a0! Faites MOI Confiance, JE prends soin de Tout.<\/span><\/strong><\/p>\n<p align=\"CENTER\"><strong><span style=\"font-size: large;\">JE SUIS LE UN, LE PUR, LE SEUL, L&rsquo;UNIQUE JE SUIS que Vous \u00eates.<\/span><\/strong><\/p>\n<p align=\"CENTER\"><strong><span style=\"font-size: large;\">MAINTENANT est la Totalit\u00e9 du PERMANENT Non-N\u00e9 que JE SUIS\u00a0\u00bb<\/span><\/strong><\/p>\n<p align=\"CENTER\"><strong>\u00b0<\/strong><\/p>\n<p align=\"CENTER\"><strong><span style=\"font-size: large;\">JE SUIS EST MAINTENANT et TOUJOURS JE SUIS.<\/span><\/strong><\/p>\n<p align=\"RIGHT\"><strong><span style=\"font-size: large;\">18\/20 juillet 2025 \u2013 Louis Tissot<\/span><\/strong><\/p>\n<p align=\"CENTER\">\n<p style=\"text-align: center;\"><strong><img loading=\"lazy\" class=\"alignnone size-medium wp-image-1781\" src=\"https:\/\/www.louistissot.net\/wp-content\/uploads\/2024\/08\/IMG_2153-copie-300x225.jpg\" alt=\"\" width=\"300\" height=\"225\" srcset=\"https:\/\/www.louistissot.net\/wp-content\/uploads\/2024\/08\/IMG_2153-copie-300x225.jpg 300w, https:\/\/www.louistissot.net\/wp-content\/uploads\/2024\/08\/IMG_2153-copie.jpg 416w\" sizes=\"(max-width: 300px) 100vw, 300px\" \/><\/strong><\/p>\n","protected":false},"excerpt":{"rendered":"<p>\u00c9TERNEL MAINTENANT \u00b0\u00b0\u00b0 Le Maintenant peut-il quitter l&rsquo;\u00c9ternit\u00e9\u00a0? LE PERMANENT ne souffre d&rsquo;aucun changement de Son Excellence. \u00b0 Le pass\u00e9 est le pr\u00e9sent r\u00e9volu. Le pr\u00e9sent ne fait que passer entre le pass\u00e9 et le futur. Le futur sera toujours \u00e0 venir. MAINTENANT ne passe pas. \u00b0 L&rsquo;\u00c9ternit\u00e9 est le Maintenant qui ignore le temps [&hellip;]<\/p>\n","protected":false},"author":1,"featured_media":0,"parent":0,"menu_order":0,"comment_status":"closed","ping_status":"closed","template":"","meta":[],"_links":{"self":[{"href":"https:\/\/www.louistissot.net\/index.php?rest_route=\/wp\/v2\/pages\/2015"}],"collection":[{"href":"https:\/\/www.louistissot.net\/index.php?rest_route=\/wp\/v2\/pages"}],"about":[{"href":"https:\/\/www.louistissot.net\/index.php?rest_route=\/wp\/v2\/types\/page"}],"author":[{"embeddable":true,"href":"https:\/\/www.louistissot.net\/index.php?rest_route=\/wp\/v2\/users\/1"}],"replies":[{"embeddable":true,"href":"https:\/\/www.louistissot.net\/index.php?rest_route=%2Fwp%2Fv2%2Fcomments&post=2015"}],"version-history":[{"count":6,"href":"https:\/\/www.louistissot.net\/index.php?rest_route=\/wp\/v2\/pages\/2015\/revisions"}],"predecessor-version":[{"id":2079,"href":"https:\/\/www.louistissot.net\/index.php?rest_route=\/wp\/v2\/pages\/2015\/revisions\/2079"}],"wp:attachment":[{"href":"https:\/\/www.louistissot.net\/index.php?rest_route=%2Fwp%2Fv2%2Fmedia&parent=2015"}],"curies":[{"name":"wp","href":"https:\/\/api.w.org\/{rel}","templated":true}]}}