{"id":272,"date":"2020-12-24T16:05:34","date_gmt":"2020-12-24T15:05:34","guid":{"rendered":"http:\/\/lrufdqb.cluster030.hosting.ovh.net\/?page_id=272"},"modified":"2024-08-01T15:40:31","modified_gmt":"2024-08-01T13:40:31","slug":"axiomes-ontologiques","status":"publish","type":"page","link":"https:\/\/www.louistissot.net\/?page_id=272","title":{"rendered":"AXIOMES ONTOLOGIQUES"},"content":{"rendered":"<table width=\"100%\" cellspacing=\"0\" cellpadding=\"0\">\n<tbody>\n<tr>\n<td align=\"left\">\n<h5 style=\"text-align: center;\"><\/h5>\n<h5 style=\"text-align: center;\"><img src=\"\/wp-content\/uploads\/2020\/12\/556385.jpg\" alt=\"0-coeurs lumineux\" \/><\/h5>\n<h5 style=\"text-align: center;\"><span style=\"font-family: georgia,palatino; font-size: x-small;\">(Source : e-mail-internet)<\/span><\/h5>\n<h5 style=\"text-align: center;\"><span style=\"font-family: georgia,palatino; font-size: small;\">\u00b0<\/span><\/h5>\n<h5 style=\"text-align: center;\"><span style=\"font-family: georgia,palatino; font-size: small;\">\u00b0 \u00b0<\/span><\/h5>\n<h5 style=\"text-align: center;\"><span style=\"font-size: small;\"><strong><span style=\"font-family: georgia,palatino;\">AXIOMES ONTOLOGIQUES<\/span><\/strong><\/span><\/h5>\n<h5 style=\"text-align: center;\"><span style=\"font-family: georgia,palatino; font-size: small;\">inspir\u00e9s par la devise<\/span><\/h5>\n<h5 style=\"text-align: center;\"><span style=\"font-family: georgia,palatino; font-size: small;\">\u00caTRE, AIMER, SERVIR<\/span><\/h5>\n<h5 style=\"text-align: center;\">\u00b0\u00b0\u00b0<\/h5>\n<h5 style=\"text-align: center;\"><span style=\"font-family: georgia,palatino; font-size: small;\">\u00caTRE = S&rsquo;Identifier \u00e0 la Pr\u00e9sence-Une<\/span><\/h5>\n<h5 style=\"text-align: center;\"><span style=\"font-family: georgia,palatino; font-size: small;\">AIMER = Laisser Rayonner le Coeur en Paix<\/span><\/h5>\n<h5 style=\"text-align: center;\"><span style=\"font-family: georgia,palatino; font-size: small;\">SERVIR = Agir en Ob\u00e9issant aux Inspirations<\/span><\/h5>\n<h5 style=\"text-align: center;\"><span style=\"font-family: georgia,palatino; font-size: small;\">dans la Joie <\/span><span style=\"font-family: georgia,palatino; font-size: small;\">d&rsquo;accompagner <\/span><\/h5>\n<h5 style=\"text-align: center;\"><span style=\"font-family: georgia,palatino; font-size: small;\">pour rendre Libre<\/span><\/h5>\n<h5 style=\"text-align: center;\"><span style=\"font-family: georgia,palatino; font-size: small;\">d&rsquo;\u00eatre Soi Vraiment<\/span><\/h5>\n<h5 style=\"text-align: center;\"><img src=\"\/wp-content\/uploads\/2020\/12\/556494.jpg\" alt=\"11-feuille-goutte d'eau\" \/><\/h5>\n<h5 style=\"text-align: center;\"><span style=\"font-family: georgia,palatino; font-size: small;\">1<\/span><\/h5>\n<h5 style=\"text-align: center;\"><span style=\"font-family: georgia,palatino; font-size: small;\">Ne pas subir, \u00caTRE pour transmettre<\/span><\/h5>\n<h5 style=\"text-align: center;\"><span style=\"font-family: georgia,palatino; font-size: small;\">Ha\u00efr jamais, AIMER toujours<\/span><\/h5>\n<h5 style=\"text-align: center;\"><span style=\"font-family: georgia,palatino; font-size: small;\">Sans asservir, SERVIR inconditionnellement<\/span><\/h5>\n<h5 style=\"text-align: center;\"><img src=\"\/wp-content\/uploads\/2020\/12\/556386.jpg\" alt=\"1-ofrande\" \/><\/h5>\n<h5 style=\"text-align: center;\"><span style=\"font-family: georgia,palatino; font-size: x-small;\">(Source : e-mail-internet)<\/span><\/h5>\n<h5 style=\"text-align: center;\"><span style=\"font-family: georgia,palatino; font-size: small;\">2<\/span><\/h5>\n<h5 style=\"text-align: center;\"><span style=\"font-family: georgia,palatino; font-size: small;\">S&rsquo;Identifier Vraiment et Contempler LE BIEN<\/span><\/h5>\n<h5 style=\"text-align: center;\"><span style=\"font-family: georgia,palatino; font-size: small;\">pour exp\u00e9rimenter en Pleine Conscience<\/span><\/h5>\n<h5 style=\"text-align: center;\"><span style=\"font-family: georgia,palatino; font-size: small;\">avec Amour et Gratitude<\/span><\/h5>\n<h5 style=\"text-align: center;\"><img src=\"\/wp-content\/uploads\/2020\/12\/556387.jpg\" alt=\"2-cascade\" \/><\/h5>\n<h5 style=\"text-align: center;\"><span style=\"font-family: georgia,palatino; font-size: x-small;\">(Source : e-mail-internet)<\/span><\/h5>\n<h5 style=\"text-align: center;\"><span style=\"font-family: georgia,palatino; font-size: small;\">3<\/span><\/h5>\n<h5 style=\"text-align: center;\"><span style=\"font-family: georgia,palatino; font-size: small;\">Pour bien se conna\u00eetre \u00eatre L&rsquo;\u00caTRE Illimit\u00e9<\/span><\/h5>\n<h5 style=\"text-align: center;\"><span style=\"font-family: georgia,palatino; font-size: small;\">sans ego dualiste limit\u00e9<\/span><\/h5>\n<h5 style=\"text-align: center;\"><img src=\"\/wp-content\/uploads\/2020\/12\/556390.jpg\" alt=\"3-page-rose\" \/><\/h5>\n<h5 style=\"text-align: center;\"><span style=\"font-family: georgia,palatino; font-size: x-small;\">(Source : e-mail-internet)<\/span><\/h5>\n<h5 style=\"text-align: center;\"><span style=\"font-family: georgia,palatino; font-size: small;\">4<\/span><\/h5>\n<h5 style=\"text-align: center;\"><span style=\"font-family: georgia,palatino; font-size: small;\">Rien \u00e0 part LE TOUT BIEN<\/span><\/h5>\n<h5 style=\"text-align: center;\"><span style=\"font-family: georgia,palatino; font-size: small;\">en tant que Tous en Unit\u00e9.<\/span><\/h5>\n<h5 style=\"text-align: center;\"><img src=\"\/wp-content\/uploads\/2020\/12\/556391.jpg\" alt=\"4-feuille-lumiere\" \/><\/h5>\n<h5 style=\"text-align: center;\"><span style=\"font-family: georgia,palatino; font-size: x-small;\">(Source : e-mail-internet)<\/span><\/h5>\n<h5 style=\"text-align: center;\"><span style=\"font-family: georgia,palatino; font-size: small;\">5<\/span><\/h5>\n<h5 style=\"text-align: center;\"><span style=\"font-family: georgia,palatino; font-size: small;\">\u00catre vide de l&rsquo;ego illusoire<\/span><\/h5>\n<h5 style=\"text-align: center;\"><span style=\"font-family: georgia,palatino; font-size: small;\">pour \u00eatre Plein du BIEN de L&rsquo;\u00caTRE R\u00e9el.<\/span><\/h5>\n<h5 style=\"text-align: center;\"><img src=\"\/wp-content\/uploads\/2020\/12\/556392.jpg\" alt=\"5-coeur dans le ciel\" \/><\/h5>\n<h5 style=\"text-align: center;\"><span style=\"font-family: georgia,palatino; font-size: x-small;\">(Source : e-mail-internet)<\/span><\/h5>\n<h5 style=\"text-align: center;\"><span style=\"font-family: georgia,palatino; font-size: small;\">6<\/span><\/h5>\n<h5 style=\"text-align: center;\"><span style=\"font-family: georgia,palatino; font-size: small;\">Quitter la fausse identification \u00e0 l&rsquo;ego<\/span><\/h5>\n<h5 style=\"text-align: center;\"><span style=\"font-family: georgia,palatino; font-size: small;\">pour la Pleine Conscience d&rsquo;\u00eatre L&rsquo;\u00caTRE<\/span><\/h5>\n<h5 style=\"text-align: center;\"><img src=\"\/wp-content\/uploads\/2020\/12\/556393.jpg\" alt=\"6-coeur avec des fleurs\" \/><\/h5>\n<h5 style=\"text-align: center;\"><span style=\"font-family: georgia,palatino; font-size: x-small;\">(Source : e-mail-internet)<\/span><\/h5>\n<h5 style=\"text-align: center;\"><span style=\"font-family: georgia,palatino; font-size: small;\">7<\/span><\/h5>\n<h5 style=\"text-align: center;\"><span style=\"font-family: georgia,palatino; font-size: small;\">\u00caTRE Vraiment plut\u00f4t qu&rsquo;esp\u00e9rer \u00a0\u00bbdevenir\u00a0\u00bb,<\/span><\/h5>\n<h5 style=\"text-align: center;\"><span style=\"font-family: georgia,palatino; font-size: small;\">Vivre LE MEILLEUR plus qu&rsquo;en parler<\/span><\/h5>\n<p style=\"text-align: center;\"><img loading=\"lazy\" class=\"alignnone size-medium wp-image-1428\" src=\"https:\/\/www.louistissot.net\/wp-content\/uploads\/2022\/12\/petit-e\u0301tang-neige-1-300x225.jpg\" alt=\"\" width=\"300\" height=\"225\" srcset=\"https:\/\/www.louistissot.net\/wp-content\/uploads\/2022\/12\/petit-e\u0301tang-neige-1-300x225.jpg 300w, https:\/\/www.louistissot.net\/wp-content\/uploads\/2022\/12\/petit-e\u0301tang-neige-1.jpg 312w\" sizes=\"(max-width: 300px) 100vw, 300px\" \/><\/p>\n<h5 style=\"text-align: center;\"><span style=\"font-family: georgia,palatino; font-size: small;\">8<\/span><\/h5>\n<h5 style=\"text-align: center;\"><span style=\"font-family: georgia,palatino; font-size: small;\">Sans peur du pire,<\/span><\/h5>\n<h5 style=\"text-align: center;\"><span style=\"font-family: georgia,palatino; font-size: small;\">Aimer le Meilleur en Tous.<\/span><\/h5>\n<p style=\"text-align: center;\"><img loading=\"lazy\" class=\"alignnone size-medium wp-image-1431\" src=\"https:\/\/www.louistissot.net\/wp-content\/uploads\/2022\/12\/Pe\u0301ronne-neige-1-300x225.jpg\" alt=\"\" width=\"300\" height=\"225\" srcset=\"https:\/\/www.louistissot.net\/wp-content\/uploads\/2022\/12\/Pe\u0301ronne-neige-1-300x225.jpg 300w, https:\/\/www.louistissot.net\/wp-content\/uploads\/2022\/12\/Pe\u0301ronne-neige-1.jpg 312w\" sizes=\"(max-width: 300px) 100vw, 300px\" \/><\/p>\n<h5 style=\"text-align: center;\"><span style=\"font-family: georgia,palatino; font-size: small;\">9<\/span><\/h5>\n<h5 style=\"text-align: center;\"><span style=\"font-family: georgia,palatino; font-size: small;\">Ne rien diviser,<\/span><\/h5>\n<h5 style=\"text-align: center;\"><span style=\"font-family: georgia,palatino; font-size: small;\">\u00eatre Pr\u00e9sence T\u00e9moin<\/span><\/h5>\n<p style=\"text-align: center;\"><img loading=\"lazy\" class=\"alignnone size-medium wp-image-1432\" src=\"https:\/\/www.louistissot.net\/wp-content\/uploads\/2022\/12\/Pe\u0301ronne-neige-2-300x225.jpg\" alt=\"\" width=\"300\" height=\"225\" srcset=\"https:\/\/www.louistissot.net\/wp-content\/uploads\/2022\/12\/Pe\u0301ronne-neige-2-300x225.jpg 300w, https:\/\/www.louistissot.net\/wp-content\/uploads\/2022\/12\/Pe\u0301ronne-neige-2.jpg 312w\" sizes=\"(max-width: 300px) 100vw, 300px\" \/><\/p>\n<h5 style=\"text-align: center;\"><span style=\"font-family: georgia,palatino; font-size: small;\">10<\/span><\/h5>\n<h5 style=\"text-align: center;\"><span style=\"font-family: georgia,palatino; font-size: small;\">Ne pas s\u00e9parer,<\/span><\/h5>\n<h5 style=\"text-align: center;\"><span style=\"font-family: georgia,palatino; font-size: small;\">\u00eatre Tous en UN<\/span><\/h5>\n<p style=\"text-align: center;\"><img loading=\"lazy\" class=\"alignnone size-medium wp-image-1430\" src=\"https:\/\/www.louistissot.net\/wp-content\/uploads\/2022\/12\/petite\u0301tang-neige-3-300x225.jpg\" alt=\"\" width=\"300\" height=\"225\" srcset=\"https:\/\/www.louistissot.net\/wp-content\/uploads\/2022\/12\/petite\u0301tang-neige-3-300x225.jpg 300w, https:\/\/www.louistissot.net\/wp-content\/uploads\/2022\/12\/petite\u0301tang-neige-3.jpg 312w\" sizes=\"(max-width: 300px) 100vw, 300px\" \/><\/p>\n<h5 style=\"text-align: center;\"><span style=\"font-family: georgia,palatino; font-size: small;\">11<br \/>\n\u00catre Utile pour rendre heureux<\/span><\/h5>\n<p style=\"text-align: center;\"><img loading=\"lazy\" class=\"alignnone size-medium wp-image-1426\" src=\"https:\/\/www.louistissot.net\/wp-content\/uploads\/2022\/12\/fore\u0302t-neige-225x300.jpg\" alt=\"\" width=\"225\" height=\"300\" srcset=\"https:\/\/www.louistissot.net\/wp-content\/uploads\/2022\/12\/fore\u0302t-neige-225x300.jpg 225w, https:\/\/www.louistissot.net\/wp-content\/uploads\/2022\/12\/fore\u0302t-neige.jpg 312w\" sizes=\"(max-width: 225px) 100vw, 225px\" \/><\/p>\n<h5 style=\"text-align: center;\"><span style=\"font-family: georgia,palatino; font-size: small;\">12<\/span><\/h5>\n<h5 style=\"text-align: center;\" align=\"CENTER\"><span style=\"color: #000000; font-family: georgia,palatino; font-size: small;\"> \u00catre L&rsquo;\u00caTRE pour Avoir et savoir Faire<\/span><\/h5>\n<h5 style=\"text-align: center;\" align=\"CENTER\"><span style=\"color: #000000; font-family: georgia,palatino; font-size: small;\"><b><img loading=\"lazy\" class=\"alignnone size-medium wp-image-1425\" src=\"https:\/\/www.louistissot.net\/wp-content\/uploads\/2022\/12\/mesange-neige-225x300.jpg\" alt=\"\" width=\"225\" height=\"300\" srcset=\"https:\/\/www.louistissot.net\/wp-content\/uploads\/2022\/12\/mesange-neige-225x300.jpg 225w, https:\/\/www.louistissot.net\/wp-content\/uploads\/2022\/12\/mesange-neige.jpg 312w\" sizes=\"(max-width: 225px) 100vw, 225px\" \/><\/b><\/span><\/h5>\n<h5 style=\"font-weight: normal; text-align: center;\" align=\"CENTER\"><span style=\"color: #000000; font-family: georgia,palatino; font-size: small;\">\u00catre engendre Avoir pour vivre le Faire partag\u00e9<\/span><\/h5>\n<h5 style=\"font-weight: normal; text-align: center;\" align=\"CENTER\"><span style=\"color: #000000; font-family: georgia,palatino; font-size: small;\">En \u00c9tant Pr\u00e9sence T\u00e9moin du Meilleur dans Tous les Coeurs,<\/span><\/h5>\n<h5 style=\"font-weight: normal; text-align: center;\" align=\"CENTER\"><span style=\"color: #000000; font-family: georgia,palatino; font-size: small;\">L&rsquo;Inconnu Parfait se pr\u00e9sente toujours, avec Joie, au Juste et Bon moment.<\/span><\/h5>\n<h5 style=\"font-weight: normal; text-align: center;\" align=\"CENTER\"><span style=\"color: #000000; font-family: georgia,palatino; font-size: small;\">La patience et la pers\u00e9v\u00e9rance sont les compagnes de l&rsquo;Amour triomphant.<\/span><\/h5>\n<h5 style=\"text-align: center;\"><\/h5>\n<h5 style=\"text-align: center;\"><img src=\"\/wp-content\/uploads\/2020\/12\/556394.jpg\" alt=\"7-bougies allumees\" \/><\/h5>\n<h5 style=\"text-align: center;\"><span style=\"font-family: georgia,palatino; font-size: x-small;\">(Source : e-mail-internet)<\/span><\/h5>\n<h5 style=\"text-align: center;\"><span style=\"font-family: georgia,palatino; font-size: small;\">\u00b0\u00b0\u00b0<\/span><\/h5>\n<h5 style=\"text-align: center;\"><span style=\"font-family: georgia,palatino; font-size: small;\">*\u00ab Aime d&rsquo;abord et tu seras aim\u00e9.<\/span><\/h5>\n<h5 style=\"text-align: center;\"><span style=\"font-family: georgia,palatino; font-size: small;\">Donne d&rsquo;abord et tu seras combl\u00e9. \u00bb<\/span><\/h5>\n<h5 style=\"text-align: center;\"><img src=\"\/wp-content\/uploads\/2020\/12\/556395.jpg\" alt=\"8-pas sur le chemin\" \/><\/h5>\n<h5 style=\"text-align: center;\"><span style=\"font-family: georgia,palatino; font-size: x-small;\">(Source : e-mail-internet)<\/span><\/h5>\n<h5 style=\"text-align: center;\"><span style=\"font-family: georgia,palatino; font-size: small;\">*\u00ab Ne sois pas ce que les autres attendent de toi,<\/span><\/h5>\n<h5 style=\"text-align: center;\"><span style=\"font-family: georgia,palatino; font-size: small;\">Sois ce que tu ressens \u00eatre Vraiment au fond de toi. \u00bb<\/span><\/h5>\n<h5 style=\"text-align: center;\"><img src=\"\/wp-content\/uploads\/2020\/12\/556397.jpg\" alt=\"9-chemin dore\" \/><\/h5>\n<h5 style=\"text-align: center;\"><span style=\"font-family: georgia,palatino; font-size: x-small;\">(Source : e-mail-internet)<\/span><\/h5>\n<h5 style=\"text-align: center;\"><span style=\"font-family: georgia,palatino; font-size: small;\">*\u00ab Pour \u00eatre Vraiment, sois Ce que tu es d\u00e9j\u00e0. \u00bb<\/span><\/h5>\n<h5 style=\"text-align: center;\"><span style=\"font-family: georgia,palatino; font-size: small;\">Janvier 2016 \u2013 Louis Tissot<\/span><\/h5>\n<h5 style=\"text-align: center;\"><span style=\"font-family: georgia,palatino; font-size: x-small;\">*(Extraits du texte\u2019\u2019\u00caTRE ARTISAN ONTOLOGIQUE)<\/span><\/h5>\n<h5 style=\"text-align: center;\"><img src=\"\/wp-content\/uploads\/2020\/12\/556396.jpg\" alt=\"10-chemin fleuri\" \/><\/h5>\n<h5 style=\"text-align: center;\"><span style=\"font-family: georgia,palatino; font-size: x-small;\">(Source : e-mail-internet)<\/span><\/h5>\n<\/td>\n<\/tr>\n<\/tbody>\n<\/table>\n","protected":false},"excerpt":{"rendered":"<p>(Source : e-mail-internet) \u00b0 \u00b0 \u00b0 AXIOMES ONTOLOGIQUES inspir\u00e9s par la devise \u00caTRE, AIMER, SERVIR \u00b0\u00b0\u00b0 \u00caTRE = S&rsquo;Identifier \u00e0 la Pr\u00e9sence-Une AIMER = Laisser Rayonner le Coeur en Paix SERVIR = Agir en Ob\u00e9issant aux Inspirations dans la Joie d&rsquo;accompagner pour rendre Libre d&rsquo;\u00eatre Soi Vraiment 1 Ne pas subir, \u00caTRE pour transmettre Ha\u00efr [&hellip;]<\/p>\n","protected":false},"author":1,"featured_media":0,"parent":0,"menu_order":0,"comment_status":"closed","ping_status":"closed","template":"","meta":[],"_links":{"self":[{"href":"https:\/\/www.louistissot.net\/index.php?rest_route=\/wp\/v2\/pages\/272"}],"collection":[{"href":"https:\/\/www.louistissot.net\/index.php?rest_route=\/wp\/v2\/pages"}],"about":[{"href":"https:\/\/www.louistissot.net\/index.php?rest_route=\/wp\/v2\/types\/page"}],"author":[{"embeddable":true,"href":"https:\/\/www.louistissot.net\/index.php?rest_route=\/wp\/v2\/users\/1"}],"replies":[{"embeddable":true,"href":"https:\/\/www.louistissot.net\/index.php?rest_route=%2Fwp%2Fv2%2Fcomments&post=272"}],"version-history":[{"count":5,"href":"https:\/\/www.louistissot.net\/index.php?rest_route=\/wp\/v2\/pages\/272\/revisions"}],"predecessor-version":[{"id":1743,"href":"https:\/\/www.louistissot.net\/index.php?rest_route=\/wp\/v2\/pages\/272\/revisions\/1743"}],"wp:attachment":[{"href":"https:\/\/www.louistissot.net\/index.php?rest_route=%2Fwp%2Fv2%2Fmedia&parent=272"}],"curies":[{"name":"wp","href":"https:\/\/api.w.org\/{rel}","templated":true}]}}