{"id":344,"date":"2020-12-24T16:40:52","date_gmt":"2020-12-24T15:40:52","guid":{"rendered":"http:\/\/lrufdqb.cluster030.hosting.ovh.net\/?page_id=344"},"modified":"2022-11-23T19:05:26","modified_gmt":"2022-11-23T18:05:26","slug":"unite-de-letre-absolu","status":"publish","type":"page","link":"https:\/\/www.louistissot.net\/?page_id=344","title":{"rendered":"UNITE DE L&rsquo;ETRE ABSOLU"},"content":{"rendered":"<table width=\"100%\" cellspacing=\"0\" cellpadding=\"0\">\n<tbody>\n<tr>\n<td align=\"left\">\n<p style=\"text-align: center;\"><strong><span style=\"font-family: georgia,palatino; font-size: small;\"><img src=\"\/wp-content\/uploads\/2020\/12\/531245.jpg\" alt=\"IMG-2441\" \/><\/span><\/strong><\/p>\n<p style=\"text-align: center;\">\n<p style=\"text-align: center;\"><strong><span style=\"font-family: georgia,palatino; font-size: small;\">UNIT\u00c9 DE L&rsquo;\u00caTRE ABSOLU<\/span><\/strong><\/p>\n<p style=\"text-align: center;\">\u00b0<br \/>\n\u00b0\u00a0\u00a0\u00a0\u00a0 \u00b0<\/p>\n<p style=\"text-align: center;\"><span style=\"font-family: georgia,palatino; font-size: small;\">LE UN est le Fondement Parfait de toutes formes.<\/span><\/p>\n<p style=\"text-align: center;\"><span style=\"font-family: georgia,palatino; font-size: small;\">Aucune vague ne peut \u00eatre s\u00e9par\u00e9e de l&rsquo;oc\u00e9an.<\/span><\/p>\n<p style=\"text-align: center;\"><span style=\"font-family: georgia,palatino; font-size: small;\">Toutes les vagues sont l&rsquo;oc\u00e9an.<\/span><\/p>\n<p style=\"text-align: center;\"><span style=\"font-family: georgia,palatino; font-size: small;\">Chaque vague est une forme de l&rsquo;oc\u00e9an,<\/span><\/p>\n<p style=\"text-align: center;\"><span style=\"font-family: georgia,palatino; font-size: small;\">UNE avec toutes les autres vagues.<\/span><\/p>\n<p style=\"text-align: center;\"><span style=\"font-family: georgia,palatino; font-size: small;\">Aucune vague n&rsquo;a une vie propre ;<\/span><\/p>\n<p style=\"text-align: center;\"><span style=\"font-family: georgia,palatino; font-size: small;\">elles sont toutes ensemble l&rsquo;oc\u00e9an ENTIER :<\/span><\/p>\n<p style=\"text-align: center;\"><span style=\"font-family: georgia,palatino; font-size: small;\">ni plus ni moins que l&rsquo;oc\u00e9an lui-m\u00eame en mouvement.<\/span><\/p>\n<p style=\"text-align: center;\"><span style=\"font-family: georgia,palatino; font-size: small;\">La vague n&rsquo;est pour rien dans le mouvement de l&rsquo;oc\u00e9an,<\/span><\/p>\n<p style=\"text-align: center;\"><span style=\"font-family: georgia,palatino; font-size: small;\">elle est anim\u00e9e par l&rsquo;oc\u00e9an en tant que lui.<\/span><\/p>\n<p style=\"text-align: center;\"><span style=\"font-family: georgia,palatino; font-size: small;\">L&rsquo;oc\u00e9an est toutes les gouttes de la vague.<\/span><\/p>\n<p style=\"text-align: center;\"><span style=\"font-family: georgia,palatino; font-size: small;\">En Unit\u00e9, chaque goutte de la vague est l&rsquo;oc\u00e9an entier.<\/span><\/p>\n<p style=\"text-align: center;\"><span style=\"font-family: georgia,palatino; font-size: small;\">\u00a0\u00bbTu n&rsquo;es pas la goutte dans l&rsquo;oc\u00e9an,<\/span><\/p>\n<p style=\"text-align: center;\"><span style=\"font-family: georgia,palatino; font-size: small;\">tu es l&rsquo;oc\u00e9an dans la goutte.\u00a0\u00bb (R\u00fbmi)<\/span><\/p>\n<p style=\"text-align: center;\"><span style=\"font-family: georgia,palatino; font-size: small;\">Chaque Identit\u00e9 Spirituelle est<\/span><\/p>\n<p style=\"text-align: center;\"><span style=\"font-family: georgia,palatino; font-size: small;\">sans vie personnelle dans l&rsquo;Oc\u00e9an de Vie Infinie<\/span><\/p>\n<p style=\"text-align: center;\"><span style=\"font-family: georgia,palatino; font-size: small;\">Indivisible de toutes Ses formes, sans aucune exception.<\/span><\/p>\n<p style=\"text-align: center;\"><span style=\"font-family: georgia,palatino; font-size: small;\">Le corps de tous est comme la vague :<\/span><\/p>\n<p style=\"text-align: center;\"><span style=\"font-family: georgia,palatino; font-size: small;\">une forme de l&rsquo;Oc\u00e9an de Vie.<\/span><\/p>\n<p style=\"text-align: center;\"><span style=\"font-family: georgia,palatino; font-size: small;\">Chaque forme est Une avec les autres formes ;<\/span><\/p>\n<p style=\"text-align: center;\"><span style=\"font-family: georgia,palatino; font-size: small;\">rien n&rsquo;est s\u00e9par\u00e9 dans LE UN qui est TOUT BIEN.<\/span><\/p>\n<p style=\"text-align: center;\"><span style=\"font-family: georgia,palatino; font-size: small;\">Dans l&rsquo;Unit\u00e9 de L&rsquo;\u00caTRE Absolu,<\/span><\/p>\n<p style=\"text-align: center;\"><span style=\"font-family: georgia,palatino; font-size: small;\">chaque Identit\u00e9 est Une avec l&rsquo;ensemble<\/span><\/p>\n<p style=\"text-align: center;\"><span style=\"font-family: georgia,palatino; font-size: small;\">en tant que LE TOUT BIEN, BON, BEAU, PARFAIT<\/span><\/p>\n<p style=\"text-align: center;\"><span style=\"font-family: georgia,palatino; font-size: small;\">Achev\u00e9 Manifest\u00e9 dans l&rsquo;Infinit\u00e9 sans d\u00e9but ni fin.<\/span><\/p>\n<p style=\"text-align: center;\"><span style=\"font-family: georgia,palatino; font-size: small;\">LE UN est JE SUIS en tant que Tous.<\/span><\/p>\n<p style=\"text-align: center;\"><span style=\"font-family: georgia,palatino; font-size: small;\">L&rsquo;\u00caTRE ABSOLU est LE TOUT BIEN de JE SUIS.<\/span><\/p>\n<p style=\"text-align: center;\"><span style=\"font-family: georgia,palatino; font-size: small;\">F\u00e9vrier 2015 \u2013 Louis Tissot<\/span><\/p>\n<p style=\"text-align: center;\"><span style=\"font-family: georgia,palatino; font-size: small;\">(Extrait du livre \u00a0\u00bbL&rsquo;\u00caTRE JE SUIS\u00a0\u00bb)<\/span><\/p>\n<p style=\"text-align: center;\">\n<p style=\"text-align: center;\"><span style=\"font-family: georgia,palatino; font-size: small;\"><img class=\"aligncenter\" src=\"\/wp-content\/uploads\/2020\/12\/531247.jpg\" alt=\"IMG-2444\" \/><\/span><\/p>\n<\/td>\n<\/tr>\n<\/tbody>\n<\/table>\n","protected":false},"excerpt":{"rendered":"<p>UNIT\u00c9 DE L&rsquo;\u00caTRE ABSOLU \u00b0 \u00b0\u00a0\u00a0\u00a0\u00a0 \u00b0 LE UN est le Fondement Parfait de toutes formes. Aucune vague ne peut \u00eatre s\u00e9par\u00e9e de l&rsquo;oc\u00e9an. Toutes les vagues sont l&rsquo;oc\u00e9an. Chaque vague est une forme de l&rsquo;oc\u00e9an, UNE avec toutes les autres vagues. Aucune vague n&rsquo;a une vie propre ; elles sont toutes ensemble l&rsquo;oc\u00e9an ENTIER [&hellip;]<\/p>\n","protected":false},"author":1,"featured_media":0,"parent":0,"menu_order":0,"comment_status":"closed","ping_status":"closed","template":"","meta":[],"_links":{"self":[{"href":"https:\/\/www.louistissot.net\/index.php?rest_route=\/wp\/v2\/pages\/344"}],"collection":[{"href":"https:\/\/www.louistissot.net\/index.php?rest_route=\/wp\/v2\/pages"}],"about":[{"href":"https:\/\/www.louistissot.net\/index.php?rest_route=\/wp\/v2\/types\/page"}],"author":[{"embeddable":true,"href":"https:\/\/www.louistissot.net\/index.php?rest_route=\/wp\/v2\/users\/1"}],"replies":[{"embeddable":true,"href":"https:\/\/www.louistissot.net\/index.php?rest_route=%2Fwp%2Fv2%2Fcomments&post=344"}],"version-history":[{"count":3,"href":"https:\/\/www.louistissot.net\/index.php?rest_route=\/wp\/v2\/pages\/344\/revisions"}],"predecessor-version":[{"id":1214,"href":"https:\/\/www.louistissot.net\/index.php?rest_route=\/wp\/v2\/pages\/344\/revisions\/1214"}],"wp:attachment":[{"href":"https:\/\/www.louistissot.net\/index.php?rest_route=%2Fwp%2Fv2%2Fmedia&parent=344"}],"curies":[{"name":"wp","href":"https:\/\/api.w.org\/{rel}","templated":true}]}}